1441909?
9
What is the tens digit of 142935?
3
What is the hundreds digit of 470678?
6
What is the tens digit of 2619538?
3
What is the hundreds digit of 62283?
2
What is the units digit of 1469432?
2
What is the thousands digit of 266352?
6
What is the units digit of 188010?
0
What is the units digit of 113963?
3
What is the tens digit of 25947481?
8
What is the tens digit of 935950?
5
What is the tens digit of 967095?
9
What is the thousands digit of 26241463?
1
What is the ten thousands digit of 2513943?
1
What is the tens digit of 2222232?
3
What is the thousands digit of 19880?
9
What is the ten thousands digit of 34673?
3
What is the thousands digit of 18616811?
6
What is the units digit of 1536554?
4
What is the units digit of 1590105?
5
What is the hundreds digit of 1685905?
9
What is the hundreds digit of 9734463?
4
What is the thousands digit of 1779685?
9
What is the hundred thousands digit of 209567?
2
What is the ten thousands digit of 1159376?
5
What is the thousands digit of 631008?
1
What is the hundred thousands digit of 249526?
2
What is the thousands digit of 51691?
1
What is the units digit of 227060?
0
What is the ten thousands digit of 4630375?
3
What is the ten thousands digit of 657202?
5
What is the hundred thousands digit of 575732?
5
What is the millions digit of 2687391?
2
What is the thousands digit of 7314413?
4
What is the hundred thousands digit of 8830950?
8
What is the hundred thousands digit of 182326?
1
What is the millions digit of 2691046?
2
What is the hundreds digit of 19380?
3
What is the hundreds digit of 4693957?
9
What is the units digit of 517130?
0
What is the hundred thousands digit of 5169594?
1
What is the units digit of 46437?
7
What is the ten millions digit of 36365668?
3
What is the hundreds digit of 1107736?
7
What is the ten thousands digit of 213490?
1
What is the tens digit of 6284870?
7
What is the tens digit of 571791?
9
What is the tens digit of 3762437?
3
What is the units digit of 5185961?
1
What is the tens digit of 5587278?
7
What is the thousands digit of 985650?
5
What is the ten thousands digit of 173750?
7
What is the units digit of 136409?
9
What is the tens digit of 1237852?
5
What is the ten thousands digit of 3263842?
6
What is the hundreds digit of 1192438?
4
What is the tens digit of 221909?
0
What is the ten thousands digit of 105045?
0
What is the hundred thousands digit of 748903?
7
What is the ten thousands digit of 520994?
2
What is the ten thousands digit of 666501?
6
What is the units digit of 3818197?
7
What is the tens digit of 257399?
9
What is the hundred thousands digit of 6640703?
6
What is the thousands digit of 237148?
7
What is the ten thousands digit of 367420?
6
What is the hundreds digit of 64502?
5
What is the thousands digit of 7755089?
5
What is the hundred thousands digit of 1221356?
2
What is the millions digit of 5781145?
5
What is the millions digit of 2715377?
2
What is the units digit of 1166524?
4
What is the thousands digit of 3647044?
7
What is the tens digit of 77282?
8
What is the units digit of 2018451?
1
What is the hundreds digit of 3047404?
4
What is the millions digit of 1077399?
1
What is the hundred thousands digit of 16782545?
7
What is the units digit of 383395?
5
What is the ten thousands digit of 39594?
3
What is the tens digit of 173722?
2
What is the hundreds digit of 3620444?
4
What is the ten thousands digit of 339042?
3
What is the units digit of 515525?
5
What is the hundreds digit of 7994509?
5
What is the tens digit of 300259?
5
What is the millions digit of 1644571?
1
What is the thousands digit of 12585116?
5
What is the ten thousands digit of 9072127?
7
What is the tens digit of 453363?
6
What is the units digit of 5984008?
8
What is the hundreds digit of 2214691?
6
What is the thousands digit of 32772?
2
What is the thousands digit of 226283?
6
What is the units digit of 7459807?
7
What is the hundreds digit of 2265598?
5
What is the thousands digit of 1338117?
8
What is the thousands digit of 28894781?
4
What is the tens digit of 5881587?
8
What is the hundred thousands digit of 36917932?
9
What is the tens digit of 571067?
6
What is the units digit of 277991?
1
What is the millions digit of 4431840?
4
What is the units digit of 1881924?
4
What is the hundreds digit of 5966293?
2
What is the units digit of 2191493?
3
What is the hundred thousands digit of 11065034?
0
What is the tens digit of 604570?
7
What is the millions digit of 4274101?
4
What is the hundreds digit of 88313?
3
What is the ten thousands digit of 2158588?
5
What is the units digit of 183993?
3
What is the hundred thousands digit of 6629822?
6
What is the thousands digit of 522998?
2
What is the hundreds digit of 46191?
1
What is the ten thousands digit of 3422120?
2
What is the hundreds digit of 784566?
5
What is the hundreds digit of 6836641?
6
What is the units digit of 227471?
1
What is the hundreds digit of 1930492?
4
What is the hundreds digit of 385663?
6
What is the tens digit of 13024408?
0
What is the hundreds digit of 98616?
6
What is the tens digit of 1013571?
7
What is the tens digit of 382820?
2
What is the millions digit of 3363695?
3
What is the units digit of 532989?
9
What is the ten thousands digit of 798969?
9
What is the units digit of 21330243?
3
What is the units digit of 6761373?
3
What is the tens digit of 1512069?
6
What is the hundreds digit of 925394?
3
What is the tens digit of 892554?
5
What is the hundred thousands digit of 3467535?
4
What is the ten thousands digit of 7147023?
4
What is the thousands digit of 8427582?
7
What is the ten thousands digit of 3597840?
9
What is the tens digit of 1346191?
9
What is the ten thousands digit of 2054203?
5
What is the ten thousands digit of 884653?
8
What is the hundreds digit of 333071?
0
What is the hundreds digit of 1204752?
7
What is the tens digit of 20441000?
0
What is the units digit of 1470414?
4
What is the hundreds digit of 910571?
5
What is the tens digit of 161294?
9
What is the hundred thousands digit of 1276272?
2
What is the thousands digit of 523964?
3
What is the tens digit of 1066669?
6
What is the hundred thousands digit of 102660?
1
What is the millions digit of 2651238?
2
What is the hundred thousands digit of 104772?
1
What is the units digit of 326184?
4
What is the units digit of 222024?
4
What is the ten thousands digit of 92365?
9
What is the hundreds digit of 13405910?
9
What is the tens digit of 979166?
6
What is the thousands digit of 521072?
1
What is the thousands digit of 1255077?
5
What is the thousands digit of 8634088?
4
What is the hundreds digit of 198007?
0
What is the millions digit of 2051016?
2
What is the units digit of 93981?
1
What is the units digit of 13119718?
8
What is the ten thousands digit of 1260281?
6
What is the hundred thousands digit of 299546?
2
What is the tens digit of 2955258?
5
What is the millions digit of 2968265?
2
What is the hundred thousands digit of 32613798?
6
What is the tens digit of 17622561?
6
What is the thousands digit of 131505?
1
What is the hundreds digit of 624354?
3
What is the hundreds digit of 2075521?
5
What is the tens digit of 725073?
7
What is the units digit of 1820197?
7
What is the hundred thousands digit of 4251288?
2
What is the units digit of 506830?
0
What is the hundreds digit of 1070248?
2
What is the millions digit of 1617109?
1
What is the thousands digit of 187830?
7
What is the ten thousands digit of 486722?
8
What is the hundred thousands digit of 168703?
1
What is the tens digit of 1933244?
4
What is the tens digit of 546209?
0
What is the hundred thousands digit of 365324?
3
What is the ten thousands digit of 620060?
2
What is the units digit of 953547?
7
What is the hundred thousands digit of 1586592?
5
What is the units digit of 1250697?
7
What is the thousands digit of 9144355?
4
What is the ten thousands digit of 1882234?
8
What is the thousands digit of 983449?
3
What is the millions digit of 36497271?
6
What is the hundreds digit of 3077691?
6
What is the hundreds digit of 8644680?
6
What is the tens digit of 286984?
8
What is the tens digit of 402429?
2
What is the hundreds digit of 1838852?
8
What is the ten thousands digit of 1800584?
0
What is the millions digi